{"id":3002,"date":"2015-03-22T20:43:58","date_gmt":"2015-03-22T19:43:58","guid":{"rendered":"http:\/\/mandemarke.dk\/wp\/?page_id=3002"},"modified":"2026-04-22T20:31:39","modified_gmt":"2026-04-22T19:31:39","slug":"velkommen","status":"publish","type":"page","link":"https:\/\/mandemarke.dk\/","title":{"rendered":"Velkommen til Mandemarkes hjemmeside"},"content":{"rendered":"<p style=\"text-align: justify;\"><em><strong><span style=\"color: #808000;\">&#8211; m\u00e5ske den mest omfattende landsby-hjemmeside i&nbsp;Danmark!<\/span><\/strong><\/em><\/p>\n<p style=\"text-align: justify;\"><img loading=\"lazy\" class=\"size-full wp-image-4489\" src=\"http:\/\/mandemarke.dk\/wp\/wp-content\/uploads\/2015\/04\/cropped-banner.jpg\" alt=\"cropped-banner.jpg\" width=\"940\" height=\"198\" srcset=\"https:\/\/mandemarke.dk\/wp\/wp-content\/uploads\/2015\/04\/cropped-banner.jpg 940w, https:\/\/mandemarke.dk\/wp\/wp-content\/uploads\/2015\/04\/cropped-banner-300x63.jpg 300w\" sizes=\"(max-width: 940px) 100vw, 940px\" \/><\/p>\n<p style=\"text-align: justify;\">Siden er&nbsp;opbygget af Mandemarkes beboere igennem mange \u00e5r og drives af <a href=\"http:\/\/mandemarke.dk\/?page_id=5433\">bestyrelsen<\/a> for Mandemarke Bylaug.&nbsp;<\/p>\n<h1>Mandemarke F\u00d8R<\/h1>\n<h4 style=\"text-align: justify;\"><strong>S\u00e5dan beskrives&nbsp;Mandemarke Landsby anno 1933 i&nbsp;\u00e5rbogen \u201dTuristforeningen for Danmark\u201d:<\/strong><\/h4>\n<blockquote>\n<h4 style=\"text-align: justify;\">Nede mod Syd i sognet ligger Landsbyen Mandemark.&nbsp;Vil man forst\u00e5 den gamle landsbystemning fra Tiden f\u00f8r Udskiftningen, giver Mandemark Stof maaske mere end nogen anden Landsby i Danmark. Kik ind i de gamle gaarde, hvor h\u00f8nsene blunder i Middagssolen. Det er, som poesien kommer en i M\u00f8de derinde fra. Men alt er saa uendeligt faldef\u00e6rdigt. Der er mange af Gaardene, som man neppe skulde tro kunde staa for en Storm. Her lever gammel Bondes\u00e6d og Tankegang endnu sit stille liv.<\/h4>\n<\/blockquote>\n<p style=\"text-align: justify;\">Har du lyst til at l\u00e6se om forholdene i gamle kan du finde meget l\u00e6sestof her p\u00e5 hjemmesiden. L\u00e6s f.eks. historien \u2018<a href=\"https:\/\/mandemarke.dk\/?page_id=20102\">Pastor Paludan: M\u00f8nboerne omkring 1800<\/a>\u2018. Det er ham som om <em>arbejdsomheden&nbsp;<\/em>p\u00e5 M\u00f8n skrev f\u00f8lgende:<\/p>\n<blockquote>\n<p style=\"text-align: justify;\">Flid og arbejdsomhed kan man ikke ubetinget rose m\u00f8nboerne for. De fleste er vel idelig besk\u00e6ftiget i deres n\u00e6ringsvej, men de er som oftest meget langsomme i deres f\u00e6rd, og is\u00e6r er det p\u00e5faldende at se hvilken ladhed, der hersker blandt mandfolkene de fleste steder i de lange vinteraftener, som skammelig snorkes hen.&nbsp;Kvindek\u00f8nnet fortjener i det mindste i sammenligning med mandfolkene ros for deres flid.<\/p>\n<\/blockquote>\n<h1>Mandemarke NU<\/h1>\n<p style=\"text-align: justify;\">I Weekendavisen 21. august 2020 indledte Ren\u00e9 Gummer et essay med overskriften \u00d8kuller s\u00e5ledes:&nbsp;<\/p>\n<p style=\"padding-left: 40px; text-align: justify;\"><em>&#8220;En times tid i bil fra K\u00f8benhavn. Skov, strand, marker. Ro og rimelige priser. St\u00e6rke f\u00e6llesskaber. M\u00f8n er g\u00e5et hen og blevet et af de mest cool og eftertragtede steder at sl\u00e5 sig ned her i landet.&#8221; <\/em>(Men s\u00e5 kommer der ogs\u00e5 nogle kritiske kommentarer til de negative sider af successen og de mange turister, som i h\u00f8js\u00e6sonen bes\u00f8ger M\u00f8n).<\/p>\n<p style=\"text-align: justify;\">I 2017&nbsp;konstaterede Friluftsr\u00e5det i en stor analyse af danskernes forhold til naturen, at 84% af danskerne oplever at naturen forbedrer deres psykiske velv\u00e6re og hum\u00f8r, og at <em>kun 3% oplever en lav eller meget lav grad af mental forbedring af b\u00f8lgens brusen, vindens susen og fuglenes kvidren!&nbsp;<\/em><\/p>\n<p style=\"text-align: justify;\"><em>Stjernehimmelen<\/em> over Mandemarke og Mandemarke Bakker har altid v\u00e6ret us\u00e6dvanlig flot, men siden 2017 har Mandemarke haft pr\u00e6dikat af &#8216;<em>Dark Sky Community&nbsp;<\/em>og<em>&nbsp;Dark Sky Park&#8217;<\/em>&nbsp;som det f\u00f8rste sted i Norden &#8211; l\u00e6s mere om <em><strong><a href=\"http:\/\/mandemarke.dk\/?page_id=9991\">Dark Sky<\/a><\/strong><\/em>.<\/p>\n<p style=\"text-align: justify;\">Og i 2018 kom <em>Mandemarke Bakker &#8211; sammen med M\u00f8ns Klint, som jo er bagsiden af Mandemarke Bakker &#8211; p\u00e5 <\/em><strong><em><span style=\"text-decoration: underline;\">Danmarks nye naturkanon!<\/span><\/em><\/strong>&nbsp;Det kan du l\u00e6se mere om i historien <a href=\"http:\/\/mandemarke.dk\/?page_id=16101\" target=\"_blank\" rel=\"noopener noreferrer\">&#8216;Kanonflot: Mandemarke bakker og klinten&#8217;<\/a>, hvor du ogs\u00e5 kan se hvilke 14 andre steder i Danmark der kommer <em>n\u00e6sten<\/em> p\u00e5 h\u00f8jde med Mandemarke Bakker! (Og som prikken over i&#8217;et har man ogs\u00e5 udenfor Danmark i 2025 opdaget herlighederne og optaget M\u00f8ns Klint m. bagland p\u00e5 <a href=\"https:\/\/whc.unesco.org\/en\/list\/1728\" target=\"_blank\" rel=\"noopener\">UNECO&#8217;s verdensarvliste<\/a>).<\/p>\n<p style=\"text-align: justify;\"><a href=\"http:\/\/mandemarke.dk\/wp\/wp-content\/uploads\/2026\/04\/Kongsbjerg-slut-maj-2024-scaled.jpg\"><img loading=\"lazy\" class=\"alignnone size-medium wp-image-25901\" src=\"http:\/\/mandemarke.dk\/wp\/wp-content\/uploads\/2026\/04\/Kongsbjerg-slut-maj-2024-300x225.jpg\" alt=\"\" width=\"300\" height=\"225\" srcset=\"https:\/\/mandemarke.dk\/wp\/wp-content\/uploads\/2026\/04\/Kongsbjerg-slut-maj-2024-300x225.jpg 300w, https:\/\/mandemarke.dk\/wp\/wp-content\/uploads\/2026\/04\/Kongsbjerg-slut-maj-2024-1024x768.jpg 1024w, https:\/\/mandemarke.dk\/wp\/wp-content\/uploads\/2026\/04\/Kongsbjerg-slut-maj-2024-768x576.jpg 768w, https:\/\/mandemarke.dk\/wp\/wp-content\/uploads\/2026\/04\/Kongsbjerg-slut-maj-2024-1536x1152.jpg 1536w, https:\/\/mandemarke.dk\/wp\/wp-content\/uploads\/2026\/04\/Kongsbjerg-slut-maj-2024-2048x1536.jpg 2048w\" sizes=\"(max-width: 300px) 100vw, 300px\" \/>&nbsp;&nbsp; <\/a><a href=\"http:\/\/mandemarke.dk\/wp\/wp-content\/uploads\/2026\/04\/vinter-kongsbjerg.jpg\"><img loading=\"lazy\" class=\"alignnone size-medium wp-image-25902\" src=\"http:\/\/mandemarke.dk\/wp\/wp-content\/uploads\/2026\/04\/vinter-kongsbjerg-300x225.jpg\" alt=\"\" width=\"300\" height=\"225\" srcset=\"https:\/\/mandemarke.dk\/wp\/wp-content\/uploads\/2026\/04\/vinter-kongsbjerg-300x225.jpg 300w, https:\/\/mandemarke.dk\/wp\/wp-content\/uploads\/2026\/04\/vinter-kongsbjerg-1024x768.jpg 1024w, https:\/\/mandemarke.dk\/wp\/wp-content\/uploads\/2026\/04\/vinter-kongsbjerg-768x576.jpg 768w, https:\/\/mandemarke.dk\/wp\/wp-content\/uploads\/2026\/04\/vinter-kongsbjerg-1536x1152.jpg 1536w, https:\/\/mandemarke.dk\/wp\/wp-content\/uploads\/2026\/04\/vinter-kongsbjerg.jpg 2016w\" sizes=\"(max-width: 300px) 100vw, 300px\" \/><\/a><\/p>\n<p>&nbsp;<\/p>\n<p>&nbsp;<\/p>\n<p style=\"text-align: justify;\">&nbsp;<\/p>\n<p>&nbsp;<\/p>\n<p style=\"text-align: justify;\">&nbsp;<\/p>\n<p><span style=\"font-size: 8pt;\"><span style=\"font-size: 6pt;\">[wpstatistics stat=pagevisits time=total]<\/span><\/span><\/p>\n","protected":false},"excerpt":{"rendered":"<p>&#8211; m\u00e5ske den mest omfattende landsby-hjemmeside i&nbsp;Danmark! Siden er&nbsp;opbygget af Mandemarkes beboere igennem mange \u00e5r og drives af bestyrelsen for Mandemarke Bylaug.&nbsp; Mandemarke F\u00d8R S\u00e5dan beskrives&nbsp;Mandemarke Landsby anno 1933 i&nbsp;\u00e5rbogen \u201dTuristforeningen for Danmark\u201d: Nede mod Syd i sognet ligger Landsbyen &hellip; <a href=\"https:\/\/mandemarke.dk\/\">L\u00e6s resten <span class=\"meta-nav\">&rarr;<\/span><\/a><\/p>\n","protected":false},"author":2,"featured_media":0,"parent":0,"menu_order":0,"comment_status":"closed","ping_status":"closed","template":"","meta":{"ngg_post_thumbnail":0},"_links":{"self":[{"href":"https:\/\/mandemarke.dk\/index.php?rest_route=\/wp\/v2\/pages\/3002"}],"collection":[{"href":"https:\/\/mandemarke.dk\/index.php?rest_route=\/wp\/v2\/pages"}],"about":[{"href":"https:\/\/mandemarke.dk\/index.php?rest_route=\/wp\/v2\/types\/page"}],"author":[{"embeddable":true,"href":"https:\/\/mandemarke.dk\/index.php?rest_route=\/wp\/v2\/users\/2"}],"replies":[{"embeddable":true,"href":"https:\/\/mandemarke.dk\/index.php?rest_route=%2Fwp%2Fv2%2Fcomments&post=3002"}],"version-history":[{"count":144,"href":"https:\/\/mandemarke.dk\/index.php?rest_route=\/wp\/v2\/pages\/3002\/revisions"}],"predecessor-version":[{"id":25903,"href":"https:\/\/mandemarke.dk\/index.php?rest_route=\/wp\/v2\/pages\/3002\/revisions\/25903"}],"wp:attachment":[{"href":"https:\/\/mandemarke.dk\/index.php?rest_route=%2Fwp%2Fv2%2Fmedia&parent=3002"}],"curies":[{"name":"wp","href":"https:\/\/api.w.org\/{rel}","templated":true}]}}